691, -6*c + c = -4*d + 3588. Let u = -575 + d. What is the units digit of u?
2
Suppose 5*t - 2*c - 19018 = 0, 0 = 4*t + 24*c - 29*c - 15228. What is the hundreds digit of t?
8
Let z(g) = 2*g**3 - 5*g**2 - 9. Let p be z(4). Suppose 35*j + 1400 = p*j. Suppose 3*q + 2*q - 415 = -5*u, -4*q + j = -5*u. What is the tens digit of q?
8
Let i = -1088 + 1750. Let j = i - 134. What is the units digit of j?
8
Suppose 3*k + v = 94, k + 27 = 2*k - 4*v. Let w = 485 - k. What is the hundreds digit of w?
4
Suppose -2*u + 101*u = 24*u + 3805500. What is the units digit of u?
0
Suppose 9*r - 4*r - 2*h - 281235 = 0, 9*h + 56290 = r. What is the ten thousands digit of r?
5
Let q = -28370 + 66018. What is the ten thousands digit of q?
3
Let v = -1184 - -3026. What is the units digit of v?
2
What is the thousands digit of 3/1 + (-5)/(-5) + (16909 - 15)?
6
Suppose -n = -5*k - 579, -2*n - 300 = -5*k - 1483. Let t = n - 52. Let i = t + -392. What is the tens digit of i?
6
Suppose -94*y + 256866 = -85*y - 261156. What is the thousands digit of y?
7
Let n(o) be the third derivative of o**6/120 - o**5/12 + 5*o**4/8 + 3*o**3 + 136*o**2. What is the hundreds digit of n(11)?
9
Let c be (-12)/8*((-6)/9)/(-1). What is the hundreds digit of (-276)/((c/(-5))/((-34)/255))?
1
Suppose -3*j - 19*o = -21*o + 1514, 0 = 5*j - 4*o + 2524. What is the hundreds digit of (j/15)/(11/(-55))?
1
Let j = -12 - 8. What is the tens digit of 12/(-20) + (-10632)/j?
3
Let z(r) be the third derivative of 5*r**4/8 - 13*r**3/6 - 5*r**2. Suppose 0 = -2*w - 4*j + 2 + 2, -2*w + 25 = -3*j. What is the tens digit of z(w)?
0
Let r(s) = s**3 + 11*s**2 + 10*s - 26. What is the thousands digit of r(18)?
9
Suppose -25*r = -224150 - 365625. What is the units digit of r?
1
Suppose 39 = -5*f + 8*f. Suppose -917 = 6*n - f*n. What is the tens digit of n?
3
Let j = 5368 + -1927. Suppose j = 9*o - 2391. What is the hundreds digit of o?
6
Suppose 10*q + 70 = 11*q. Let m(t) = -t**3 + t**2 + 1. Let u be m(-1). Suppose 2*z - 2*j = 130, z - 5*j - q = u. What is the units digit of z?
3
Let t = -2 + 4. Let q be (-8 + 3)/5 + 57. Suppose -3*m + t*m + q = 0. What is the units digit of m?
6
Let o be (24 + -116)/(3/(30/4)). Let f = -173 - o. What is the units digit of f?
7
Let r(p) be the second derivative of 7*p + 25*p**2 - p**3 + 11*p + 4*p**2. What is the tens digit of r(0)?
5
What is the tens digit of -7 + (-8 - (-104984)/(-64))*-8?
8
Let f(y) = -43*y**3 + 2*y**2 + 3*y + 1. Suppose 5*r = 10*r - 55. Suppose -2*t - 9*t = r. What is the units digit of f(t)?
3
Let g(s) = s**3 - 6*s**2 + 6*s - 10. Let u be g(5). Let j = 5 + u. Suppose j*o - 24 = -3*o. What is the units digit of o?
8
Suppose 11*j + 36*j = -14*j + 659227. What is the thousands digit of j?
0
Let y(j) = 10*j**2 + 2*j - 6. Let c(q) = -4*q - 7. Let w be c(-2). Let t(d) = -4*d**3 - 2*d**2 + d. Let f be t(w). What is the tens digit of y(f)?
3
Let b(i) = 9*i**2 + 9*i - 15. Let q be b(3). Let w = -59 + q. What is the units digit of w?
4
Suppose -2*y + 10*y - 208 = 0. Let v be 6/(4/8 - -1). Suppose -y*u + 22*u + v = 0. What is the units digit of u?
1
What is the ten thousands digit of 40306/(6/(-51) - (-612)/289) + 1?
2
Let u(j) = -2*j**2 + 39*j - 15. Let b be u(19). Suppose w = -b*s + 217, -3*w - 5*s = -469 - 154. Suppose 4*t = w + 71. What is the units digit of t?
8
Suppose 0 = -4172*o + 4133*o + 1414140. What is the thousands digit of o?
6
Let y(t) = 253*t - 3. Let a be y(10). Suppose -3*z = -4*o + a, -5*o = -2*z - 0*z - 3164. Suppose -101 = 13*r - o. What is the units digit of r?
1
Let z be 444*(-2)/14*42/(-6). What is the tens digit of z + -3 + 6 + -11?
3
Let b(j) = 36*j**2 - 90*j + 362. What is the hundreds digit of b(4)?
5
Let g(y) be the second derivative of y**4/4 + 5*y**3/2 - 2*y**2 + 2*y + 2. What is the hundreds digit of g(6)?
1
Let i = 8292 + -12321. What is the tens digit of (-21)/(-42) + i/(-2)?
1
Let p be ((-1605)/3)/(-1) - (-1 - -1). Suppose 9*h = 554 + p. What is the tens digit of h?
2
Let s(w) = -2*w**3 + 90*w**2 - 9*w - 165. What is the units digit of s(39)?
6
Suppose -2*z - 11734 - 46 = -3*u, 15712 = 4*u - 4*z. What is the hundreds digit of u?
9
Suppose -308125 = -15*p - 14*p. What is the ten thousands digit of p?
1
Suppose 37*k + 108640 = 407785. What is the hundreds digit of k?
0
Suppose -109*j = -134*j + 375. Suppose -845 = -4*t + 2*z + 2245, 3*z = -j. What is the hundreds digit of t?
7
Suppose -25 = -5*p - 0. Suppose -p*x = -x - 1596. Suppose 0 = 5*m - 2*m - x. What is the tens digit of m?
3
Let n(v) = -2*v**2 + 25*v + 2. Let h be n(12). Let s(p) = -6 - 15 + 29*p + 34 - h. What is the units digit of s(2)?
7
Let j(k) = -k**2 - 7*k - 9. Suppose 5*f + 9 + 21 = 0. Let r be j(f). What is the units digit of (-2 - r)*37 - 1?
6
Let c(w) be the second derivative of 5*w**4 - w**3/3 + w**2/2 - w. Suppose 0 = 2*m - k + 5, -4*m + 110 - 121 = -3*k. What is the hundreds digit of c(m)?
2
Let r(n) = 3*n**2 + 35*n - 37. Let p = -593 - -568. What is the hundreds digit of r(p)?
9
Let t(z) = 8*z**2 - 247*z + 5454. What is the tens digit of t(104)?
9
Let x = 999 + 621. What is the units digit of x?
0
What is the thousands digit of (-76149)/(-27) + (-120)/36?
2
Let i = 53514 - 37572. What is the units digit of i?
2
Suppose 4*r = 5*l + 30340, -4*r = -389*l + 392*l - 30372. What is the units digit of r?
0
What is the thousands digit of (37*-448)/(-2) + 76/4 + -13?
8
What is the units digit of (1974/(-4) + 4)*(0 - 14)?
3
Let v(j) = -j**3 + 5*j**2 - j + 3. Suppose 12 = 3*t - 4*a - 9, 4*a + 12 = 0. Suppose x = -t*l - 8, -x + 0*l = -l - 8. What is the tens digit of v(x)?
1
Suppose 6*w - 12992 = 6934. Suppose 24*k - 9753 = -w. What is the hundreds digit of k?
2
Let u = -1377 - -2225. Let a = 1508 - u. What is the units digit of a?
0
Suppose -832340 - 1923854 = -397*b + 255448. What is the thousands digit of b?
7
Suppose -3*x = -0*x - 6, m - 1828 = -4*x. Suppose 3*b = 3*f - 1362, b + 3*b = 2*f - m. What is the tens digit of (-2 - b)*(-3)/(-6)?
2
Let r(h) = -h**2 + 16*h - 22. Suppose 4*z = -2*n + 2, -4*z = -12*n + 7*n + 47. Suppose 44 = n*a - 33. What is the tens digit of r(a)?
3
Let w be -1 - 2/((-30)/9 + 3). Suppose 2*u + w*r = -3*u + 1315, 0 = 4*r + 16. Let a = u - 108. What is the units digit of a?
9
Suppose -29*v - 25*v + 655493 = -68863. What is the units digit of v?
4
Suppose 50 = 3*a + 3*o + 11, -4*o = 5*a - 64. Let v be ((-30)/6 - -7)*41. Suppose a = 2*h - v. What is the tens digit of h?
4
What is the hundreds digit of (1 - -7) + ((-17208192)/41)/(-16)?
2
Suppose -35*q + 291440 + 550804 = 4*l, -4*q + 96258 = 2*l. What is the ten thousands digit of q?
2
Let u = 863 + -506. Suppose 0 = -4*x + 2 - 6, -3*x + u = -3*t. Let n = 255 + t. What is the tens digit of n?
3
Suppose 7*v - 154 = -7*v. Suppose v*s - 455 - 2955 = 0. What is the units digit of s?
0
Let x(y) = -y**2 - 94*y - 220. What is the tens digit of x(-34)?
2
What is the thousands digit of 8/(-1) + (-42 + 18 - -18760)?
8
Suppose 0 = 20*d - 16*d + 8, -28013 = -o + d. What is the thousands digit of o?
8
Suppose f + 11 = 26. What is the hundreds digit of (11 - (-828)/60)/(2/f)?
1
Let g(x) = -3*x**3 - 7*x**2 - 29*x - 21. Let y = 96 - 102. What is the units digit of g(y)?
9
Suppose -2*s = -3*b + 20, 5*s + 0 - 15 = b. What is the hundreds digit of b/(11/(2134/4))?
4
Let o = 91 + -86. Suppose 0 = -s - 5, -2*i - o*s + 531 = -100. Suppose 39*u = 37*u + i. What is the tens digit of u?
6
Let b(t) = -t**2 - 6*t + 9. Let n be b(-7). Suppose f = -n*f - 2*s + 590, -775 = -4*f - 5*s. Suppose f = 2*p - 126. What is the tens digit of p?
6
Let m = 783 + 4170. What is the hundreds digit of m?
9
Suppose -6*w = -28*w + 162360. Suppose -20*d = -11*d - w. What is the hundreds digit of d?
8
Suppose 0*p + 4*p = -4*m + 100, 4*p - 100 = 3*m. Suppose 24*n = p*n - 36. Let b = -14 + n. What is the units digit of b?
2
Suppose -1 = -4*o + 63. Suppose -3*t + o = 7. Suppose 9 = -t*b, 0 + 14 = f - b. What is the tens digit of f?
1
Let r be 22/6 + 2/6. Let p(q) = -160*q**2 + 60*q**2 + 58*q**2 - 4 + 46*q**2 + 4*q - 4. What is the units digit of p(r)?
2
Suppose 5*o = -5*y + 4*y + 2, 0 = 4*y + 12. Suppose 2*z - o = -9, -3*z + 169 = a. What is the units digit of a?
1
Suppose 217629 = 5*a - 3*t, -t + 4*t = -3*a + 130587. What is the hundreds digit of a?
5
